{"id":919,"date":"2024-07-26T17:17:52","date_gmt":"2024-07-26T14:17:52","guid":{"rendered":"https:\/\/roziturizm.com\/?page_id=919"},"modified":"2024-07-29T11:36:59","modified_gmt":"2024-07-29T08:36:59","slug":"hug-etours","status":"publish","type":"page","link":"https:\/\/roziturizm.com\/index.php\/hug-etours\/","title":{"rendered":"HUGE TOURS"},"content":{"rendered":"\n<h2>HUGE TOURS<\/h2>\n\n\n\n<figure class=\"wp-block-image size-large is-resized is-style-default\"><a href=\"http:\/\/hugetours.com\/\" target=\"_blank\" rel=\"noopener\"><img loading=\"lazy\" src=\"https:\/\/roziturizm.com\/wp-content\/uploads\/2024\/07\/huge-tours-1024x265.jpg\" alt=\"\" class=\"wp-image-963\" width=\"932\" height=\"241\" srcset=\"https:\/\/roziturizm.com\/wp-content\/uploads\/2024\/07\/huge-tours-1024x265.jpg 1024w, https:\/\/roziturizm.com\/wp-content\/uploads\/2024\/07\/huge-tours-300x78.jpg 300w, https:\/\/roziturizm.com\/wp-content\/uploads\/2024\/07\/huge-tours-768x199.jpg 768w, https:\/\/roziturizm.com\/wp-content\/uploads\/2024\/07\/huge-tours-1536x398.jpg 1536w, https:\/\/roziturizm.com\/wp-content\/uploads\/2024\/07\/huge-tours.jpg 1903w\" sizes=\"(max-width: 932px) 100vw, 932px\" \/><\/a><\/figure>\n\n\n\n<p>2007 y\u0131l\u0131nda faaliyetlerine ba\u015flayan huge tours u\u00e7ak bileti otel rezervasyonlar\u0131 g\u00fcnl\u00fck turlar ve  transferler ile t\u00fcm tatil<br> ihtiya\u00e7lar\u0131na \u00e7\u00f6z\u00fcm \u00fcretmektedir<\/p>\n","protected":false},"excerpt":{"rendered":"<p>HUGE TOURS 2007 y\u0131l\u0131nda faaliyetlerine ba\u015flayan huge tours u\u00e7ak bileti otel rezervasyonlar\u0131 g\u00fcnl\u00fck turlar ve transferler ile t\u00fcm tatil ihtiya\u00e7lar\u0131na \u00e7\u00f6z\u00fcm \u00fcretmektedir<\/p>\n","protected":false},"author":1,"featured_media":0,"parent":0,"menu_order":0,"comment_status":"closed","ping_status":"closed","template":"","meta":[],"_links":{"self":[{"href":"https:\/\/roziturizm.com\/index.php\/wp-json\/wp\/v2\/pages\/919"}],"collection":[{"href":"https:\/\/roziturizm.com\/index.php\/wp-json\/wp\/v2\/pages"}],"about":[{"href":"https:\/\/roziturizm.com\/index.php\/wp-json\/wp\/v2\/types\/page"}],"author":[{"embeddable":true,"href":"https:\/\/roziturizm.com\/index.php\/wp-json\/wp\/v2\/users\/1"}],"replies":[{"embeddable":true,"href":"https:\/\/roziturizm.com\/index.php\/wp-json\/wp\/v2\/comments?post=919"}],"version-history":[{"count":7,"href":"https:\/\/roziturizm.com\/index.php\/wp-json\/wp\/v2\/pages\/919\/revisions"}],"predecessor-version":[{"id":968,"href":"https:\/\/roziturizm.com\/index.php\/wp-json\/wp\/v2\/pages\/919\/revisions\/968"}],"wp:attachment":[{"href":"https:\/\/roziturizm.com\/index.php\/wp-json\/wp\/v2\/media?parent=919"}],"curies":[{"name":"wp","href":"https:\/\/api.w.org\/{rel}","templated":true}]}}