{"id":925,"date":"2024-07-26T17:19:56","date_gmt":"2024-07-26T14:19:56","guid":{"rendered":"https:\/\/roziturizm.com\/?page_id=925"},"modified":"2024-08-14T13:50:54","modified_gmt":"2024-08-14T10:50:54","slug":"gayrimenkul","status":"publish","type":"page","link":"https:\/\/roziturizm.com\/index.php\/gayrimenkul\/","title":{"rendered":"GAYR\u0130MENKUL"},"content":{"rendered":"\n<h2>EFEC\u0130K YAPI<\/h2>\n\n\n\n<figure class=\"wp-block-image size-large is-resized is-style-default\"><img loading=\"lazy\" src=\"https:\/\/roziturizm.com\/wp-content\/uploads\/2024\/08\/rozi-hakkimizda-1024x583.jpg\" alt=\"\" class=\"wp-image-1111\" width=\"763\" height=\"434\" srcset=\"https:\/\/roziturizm.com\/wp-content\/uploads\/2024\/08\/rozi-hakkimizda-1024x583.jpg 1024w, https:\/\/roziturizm.com\/wp-content\/uploads\/2024\/08\/rozi-hakkimizda-300x171.jpg 300w, https:\/\/roziturizm.com\/wp-content\/uploads\/2024\/08\/rozi-hakkimizda-768x437.jpg 768w, https:\/\/roziturizm.com\/wp-content\/uploads\/2024\/08\/rozi-hakkimizda.jpg 1505w\" sizes=\"(max-width: 763px) 100vw, 763px\" \/><\/figure>\n\n\n\n<p>Kuvvetli portf\u00f6y yap\u0131s\u0131 ile Marmaris ve \u00e7evresinde yat\u0131r\u0131mc\u0131lar\u0131na profesyonel \u00e7\u00f6z\u00fcmler sunar.<\/p>\n","protected":false},"excerpt":{"rendered":"<p>EFEC\u0130K YAPI Kuvvetli portf\u00f6y yap\u0131s\u0131 ile Marmaris ve \u00e7evresinde yat\u0131r\u0131mc\u0131lar\u0131na profesyonel \u00e7\u00f6z\u00fcmler sunar.<\/p>\n","protected":false},"author":1,"featured_media":0,"parent":0,"menu_order":0,"comment_status":"closed","ping_status":"closed","template":"","meta":[],"_links":{"self":[{"href":"https:\/\/roziturizm.com\/index.php\/wp-json\/wp\/v2\/pages\/925"}],"collection":[{"href":"https:\/\/roziturizm.com\/index.php\/wp-json\/wp\/v2\/pages"}],"about":[{"href":"https:\/\/roziturizm.com\/index.php\/wp-json\/wp\/v2\/types\/page"}],"author":[{"embeddable":true,"href":"https:\/\/roziturizm.com\/index.php\/wp-json\/wp\/v2\/users\/1"}],"replies":[{"embeddable":true,"href":"https:\/\/roziturizm.com\/index.php\/wp-json\/wp\/v2\/comments?post=925"}],"version-history":[{"count":4,"href":"https:\/\/roziturizm.com\/index.php\/wp-json\/wp\/v2\/pages\/925\/revisions"}],"predecessor-version":[{"id":1113,"href":"https:\/\/roziturizm.com\/index.php\/wp-json\/wp\/v2\/pages\/925\/revisions\/1113"}],"wp:attachment":[{"href":"https:\/\/roziturizm.com\/index.php\/wp-json\/wp\/v2\/media?parent=925"}],"curies":[{"name":"wp","href":"https:\/\/api.w.org\/{rel}","templated":true}]}}